 y(n) = 3*n**2 - 10*n - 8. What is y(-1)?
5
Let d(z) = -z**3 - 4*z**2 + 4*z + 6. Give d(-7).
125
Let w(y) = -y**3 - 8*y**2 - 9*y - 23. Determine w(-7).
-9
Let g(m) = -3*m**2 - 1. Determine g(2).
-13
Let s(v) = -2*v**2 - v - 3. What is s(-2)?
-9
Let t(j) = j**2 - 8*j + 15. Calculate t(6).
3
Let i(x) = -3*x + 20. Give i(-10).
50
Let u(k) = -k**3 + 7*k**2 - 6*k - 5. Give u(5).
15
Let k(o) = 9*o**2 - 271*o + 32. Determine k(30).
2
Let b(n) = 7*n**2 + 13*n + 9. Give b(-3).
33
Let m(g) = -g + 8. Give m(0).
8
Let o(n) = 3*n**2 + 7*n - 46. Determine o(-5).
-6
Let c(w) = w**2 + w + 4. Determine c(4).
24
Let a(c) = c**2 - 9*c + 13. Determine a(6).
-5
Let c(o) = 7*o + 123. Calculate c(-20).
-17
Let n(c) = -c**3 - 10*c**2 + 11*c - 11. Determine n(-11).
-11
Let x(a) = -a**3 - 8*a**2 + 127*a + 17. Determine x(8).
9
Let o(l) = 6*l + 27. What is o(-7)?
-15
Let u(k) = k**3 + 8*k**2 - 28*k - 16. What is u(-11)?
-71
Let x(r) = r**3 + 7*r**2 - 7*r - 9. Determine x(-6).
69
Let j(z) = -z**2 - 3*z + 7. Calculate j(-5).
-3
Let m(w) = 10*w**2 + 6*w + 6. Calculate m(-1).
10
Let t(j) = -j**2 + 3*j + 19. Give t(6).
1
Let b(m) = 3*m**2 - 2*m + 4. Give b(-3).
37
Let k(h) = -h**3 - 5*h**2 + 19*h + 29. Calculate k(-7).
-6
Let d(g) = -g**3 + 5*g**2 + 4*g + 5. Determine d(5).
25
Let k(m) = -m**3 - 20*m**2 - 6. Calculate k(-20).
-6
Let x(v) = -2*v**2 + 6*v - 5. Determine x(4).
-13
Let n(g) = g**2 + 7*g + 19. Determine n(-10).
49
Let f(h) = -2*h**2 + 76*h - 10. Give f(38).
-10
Let j(p) = p**2 + 16*p + 26. Give j(-14).
-2
Let a(t) = -4*t**3 - t**2 + t + 1. What is a(1)?
-3
Let j(c) = c**2 + 8*c - 21. What is j(-10)?
-1
Let q(b) = b**3 - 4*b**2 - 11*b + 15. Give q(6).
21
Let r(x) = x + 34. Calculate r(-22).
12
Let n(h) = h**2 + 11*h + 16. Calculate n(-12).
28
Let f(z) = -67*z**2 + z + 3. What is f(-1)?
-65
Let q(k) = -k**2 - 23*k - 66. Calculate q(-21).
-24
Let j(c) = 54*c - 2. Give j(-1).
-56
Let u(f) = -f**3 - 9*f**2 + 12*f + 12. Give u(-10).
-8
Let m(j) = j - 58. Give m(24).
-34
Let p(i) = 4*i + 7. What is p(5)?
27
Let n(i) = -i**2 + 9*i + 28. What is n(13)?
-24
Let c(f) = f**3 + f**2 + 7*f + 2. Give c(-3).
-37
Let r(b) = -b**2 - 14*b + 9. Give r(-12).
33
Let d(t) = -4*t - 15. Determine d(7).
-43
Let q(n) = 2*n**3 - 37*n**2 + 15*n + 74. Calculate q(18).
20
Let q(b) = -3*b + 8. Determine q(8).
-16
Let j(v) = v**3 + 6*v**2 + 2*v + 7. What is j(-5)?
22
Let l(j) = -j**3 + 6*j**2 + 21*j - 8. Calculate l(9).
-62
Let l(b) = 3*b**2 - 103*b + 75. Give l(33).
-57
Let g(z) = 6*z + 33. Determine g(-4).
9
Let c(u) = 5*u**2 - 6*u - 11. Determine c(-3).
52
Let z(u) = u**2 + u + 5. What is z(-4)?
17
Let c(z) = -z**3 + 18*z + 18. Determine c(5).
-17
Let d(x) = -4*x**2 + 28*x - 10. What is d(8)?
-42
Let p(s) = -2*s**3 + 16*s**2 - 21. What is p(8)?
-21
Let g(n) = -11*n - 5. Determine g(5).
-60
Let y(a) = a**2 + 25*a + 93. Calculate y(-20).
-7
Let x(j) = j**3 + 9*j**2 - 7*j + 6. Calculate x(-10).
-24
Let n(h) = 2*h - 4. Calculate n(5).
6
Let y(p) = -3*p + 33. Calculate y(18).
-21
Let s(g) = -g**2 - 87*g - 1892. Determine s(-42).
-2
Let w(c) = 3*c**2 + c. What is w(-4)?
44
Let k(m) = 3*m**3 + 2*m**2 - 5*m + 3. Determine k(2).
25
Let m(y) = y**3 + y**2 + y + 1. What is m(-4)?
-51
Let t(m) = -2*m**2 + 66*m - 15. Give t(32).
49
Let t(h) = 4*h**2 + 3*h + 2. Determine t(-3).
29
Let m(u) = 11*u - 309. What is m(28)?
-1
Let u(c) = -4*c**2 + 7*c. Calculate u(-4).
-92
Let y(x) = x**2 + 34*x - 33. What is y(-35)?
2
Let m(n) = -2*n - 4. Determine m(-22).
40
Let l(g) = 6*g**3 + 3*g**2 - 3. Determine l(-2).
-39
Let m(n) = -2*n**2 + 19*n - 14. Give m(9).
-5
Let w(r) = r**2 + 34*r. What is w(-27)?
-189
Let x(u) = -4*u**2 + 2*u - 10. Determine x(-4).
-82
Let i(w) = 2*w + 21. Calculate i(-18).
-15
Let g(k) = k**3 + 5*k**2 + 6*k + 5. Determine g(-2).
5
Let n(o) = o**3 - 8*o**2 + 14*o - 10. Calculate n(6).
2
Let y(f) = f**3 + f**2 - 3. Calculate y(0).
-3
Let p(s) = s**3 - 9*s**2 + s - 1. What is p(9)?
8
Let z(a) = -7*a + 12. Determine z(-6).
54
Let x(v) = -v**2 + v + 5. Calculate x(9).
-67
Let y(k) = 27*k + 56. What is y(-2)?
2
Let w(f) = -f**3 + 19*f**2 - 16*f - 10. Give w(18).
26
Let o(h) = 2*h - 84. What is o(0)?
-84
Let v(j) = -j**2 - 6*j + 25. Calculate v(-9).
-2
Let f(l) = -l**3 - 13*l**2 + l + 16. Give f(-13).
3
Let p(f) = 2*f**2 + 6*f - 14. Determine p(-6).
22
Let t(z) = z**2 - 18*z + 80. Give t(12).
8
Let r(s) = 5*s + 25. What is r(0)?
25
Let t(d) = -2*d**2 - 47*d + 95. Calculate t(-25).
20
Let v(b) = -b. Give v(15).
-15
Let s(c) = -20*c - 146. Give s(-7).
-6
Let w(d) = -2*d**2 - 3*d + 7. Calculate w(2).
-7
Let o(s) = 2*s**3 - 32*s**2 + 32*s - 19. Give o(15).
11
Let y(v) = 2*v**3 + v**2 - 8*v + 5. Determine y(-3).
-16
Let i(w) = 2*w**2 - 150*w + 1068. Determine i(67).
-4
Let m(q) = -q**3 - 9*q**2 + 8*q - 23. Give m(-10).
-3
Let m(q) = 3*q. What is m(7)?
21
Let q(g) = -7*g**2 + 50*g + 13. Calculate q(7).
20
Let l(h) = 2*h**2 - 17*h + 22. Give l(6).
-8
Let l(p) = p**3 + 4*p**2 - 15*p - 16. Calculate l(-6).
2
Let y(p) = p**3 + 6*p**2 + 8*p + 2. What is y(-5)?
-13
Let o(j) = j**2 + 14*j - 10. Calculate o(-14).
-10
Let n(o) = 6*o**2 + 2*o + 6. Give n(5).
166
Let r(f) = -f**3 - 4*f**2 - 11*f - 24. Give r(-3).
0
Let c(j) = -j**2 - 8*j + 2. What is c(-9)?
-7
Let w(z) = z**2 - 35*z + 123. Give w(4).
-1
Let b(i) = i**3 + 6*i**2 - 2*i - 4. What is b(-6)?
8
Let s(w) = -w**3 + 43*w**2 + 7*w - 292. Determine s(43).
9
Let t(a) = -a**2 - 9*a - 15. Give t(-11).
-37
Let r(z) = -z**2 + 3*z - 3. Determine r(0).
-3
Let w(f) = 2*f - 13. What is w(9)?
5
Let k(p) = -p**2 + 12*p - 30. Determine k(4).
2
Let d(q) = 5*q**3 + q - 1. Determine d(1).
5
Let h(l) = l**3 - 7*l**2 + 15*l - 11. What is h(4)?
1
Let c(o) = o**2 - 19*o + 21. Calculate c(18).
3
Let x(b) = 6*b**2 - 123*b - 59. What is x(21)?
4
Let m(j) = -2*j + 9. What is m(3)?
3
Let c(a) = -4*a + 9. Determine c(2).
1
Let t(i) = -i**3 - i**2 + 27*i + 7. Calculate t(-6).
25
Let y(p) = -p**3 - 10*p**2 - p - 4. Give y(-10).
6
Let k(j) = -2*j**2 + 2*j - 3. What is k(0)?
-3
Let a(h) = 2*h - 16. What is a(15)?
14
Let c(p) = -4*p**3 + p**2 - p - 1. Calculate c(1).
-5
Let p(f) = f**3 - 8*f**2 - 9*f - 8. Determine p(9).
-8
Let r(i) = -i**3 - 9*i**2 + 8*i - 74. What is r(-10)?
-54
Let d(y) = 12*y - 249. Give d(19).
-21
Let q(j) = -13*j - 11. Determine q(-2).
15
Let f(r) = 2*r**2 - 5*r - 59. Calculate f(-4).
-7
Let g(v) = -7*v**2 + v. Determine g(1).
-6
Let v(d) = 4*d - 4. Give v(-5).
-24
Let a(n) = n - 47. Determine a(-5).
-52
Let f(h) = 11*h - 21. What is f(0)?
-21
Let d(w) = w**2 + 26*w - 166. Determine d(-31).
-11
Let o(u) = 5*u**2 - 12*u - 26. What is o(-5)?
159
Let y(t) = 34*t**3 - t**2 - 5*t + 6. What is y(1)?
34
Let q(g) = -g**3 - g + 8. Give q(0).
8
Let q(n) = n**3 - 3*n**2 - 4*n + 3. What is q(3)?
-9
Let l(g) = g**3 + 14*g**2 - 3. Calculate l(-14).
-3
Let q(c) = 5*c - 1. Give q(3).
14
Let s(j) = -11*j - 113. Give s(-10).
-3
Let k(p) = p - 9. What is k(13)?
4
Let u(b) = -b - 2. What is u(-6)?
4
Let h(x) = 3*x**2 - 14. Give h(5).
61
Let k(j) = -2*j + 22. Give k(10).
2
Let l(i) = -32*i + 122. What is l(5)?
-38
Let u(s) = -s - 2. Give u(6).
-8
Let h(k) = 21*k - 4. Determine h(-1).
-25
Let p(c) = 2*c**3 + 2*c**2. Give p(-2).
-8
Let x(g) = 5*g**2 + 24*g + 1. Give x(-4).
-15
Let q(x) = -x**2 + 22*x - 5. What is q(20)?
35
Let h(i) = -9*i. Determine h(-3).
27
Let r(c) = -c**2 + 16*c + 11. Calculate r(16).
11
Let b(f) = -6*f - 3. What is b(-6)?
33
Let o(k) = -2*k**2 - 12*k + 12. What is o(-9)?
-42
Let s(o) = -o**2 + 11*o - 16. Determine s(7).
12
Let y(g) = g**3 - 2*g**2 + 5. Give y(3).
14
Let c(n) = -9*n + 65. Give c(8).
-7
Let b(f) = -7*f + 12. Determine b(2).
-2
Let d(v) = -v**3 + 38*v**2 - v + 28. What is d(38)?
-10
Let i(v) = -v**2 - 6. What is i(-5)?
-31
Let y(j) = 3*j**2 + 5*j - 2. Determine y(-4).
26
Let p(j) = j**3 + 13*j**2 - 42*j + 103. Give p(-16).
7
Let l(a) = a**2 + 24*a - 59. Calculate l(-26).
-7
Let f(z) = 2*z**2 - 9*z + 10. What is f(2)?
0
Let i(j) = 3*j**2 + 2*j + 1. Calculate i(2).
17
Let l(c) = -8*c**2 - 3*c - 4. Determine l(3).
-85
Let s(f) = 3*f**2 + 2. Calculate s(3).
29
Let r(v) = -2*v**2 + 12*v + 109. Give r(-5).
-1
Let a(k) = -12*k - 329. Determine a(-29).
19
Let g(o) = 5*o + 31. Calculate g(-6).
1
Let m(c) = -2*c. Give m(6).
-12
Let w(n) = n**2 - 110*n - 1331. G